git of 57505?
5
What is the tens digit of 51897?
9
What is the tens digit of 855?
5
What is the thousands digit of 1068?
1
What is the tens digit of 21533?
3
What is the hundreds digit of 573?
5
What is the hundreds digit of 25977?
9
What is the units digit of 56?
6
What is the units digit of 49640?
0
What is the tens digit of 13978?
7
What is the tens digit of 403?
0
What is the hundreds digit of 7740?
7
What is the hundreds digit of 7676?
6
What is the hundreds digit of 62404?
4
What is the thousands digit of 4285?
4
What is the tens digit of 765?
6
What is the ten thousands digit of 108719?
0
What is the hundreds digit of 8003?
0
What is the units digit of 10750?
0
What is the hundreds digit of 26755?
7
What is the tens digit of 20383?
8
What is the thousands digit of 4807?
4
What is the hundreds digit of 625?
6
What is the thousands digit of 3735?
3
What is the units digit of 35471?
1
What is the tens digit of 725?
2
What is the units digit of 1509?
9
What is the tens digit of 12947?
4
What is the hundreds digit of 983?
9
What is the tens digit of 1642?
4
What is the units digit of 9819?
9
What is the units digit of 553?
3
What is the hundreds digit of 41508?
5
What is the tens digit of 7215?
1
What is the thousands digit of 26081?
6
What is the units digit of 439?
9
What is the hundreds digit of 230?
2
What is the hundreds digit of 6893?
8
What is the tens digit of 92?
9
What is the tens digit of 684?
8
What is the units digit of 3936?
6
What is the ten thousands digit of 12075?
1
What is the tens digit of 2187?
8
What is the thousands digit of 18214?
8
What is the units digit of 2750?
0
What is the units digit of 32779?
9
What is the thousands digit of 113309?
3
What is the units digit of 406?
6
What is the thousands digit of 58151?
8
What is the tens digit of 1139?
3
What is the units digit of 7087?
7
What is the units digit of 10079?
9
What is the units digit of 39324?
4
What is the thousands digit of 3334?
3
What is the ten thousands digit of 11831?
1
What is the units digit of 551?
1
What is the thousands digit of 15143?
5
What is the units digit of 19589?
9
What is the tens digit of 23?
2
What is the tens digit of 146?
4
What is the thousands digit of 7447?
7
What is the tens digit of 894?
9
What is the tens digit of 703?
0
What is the hundreds digit of 5093?
0
What is the thousands digit of 3586?
3
What is the tens digit of 11543?
4
What is the units digit of 2424?
4
What is the hundreds digit of 794?
7
What is the tens digit of 87246?
4
What is the tens digit of 725?
2
What is the tens digit of 33204?
0
What is the units digit of 73548?
8
What is the units digit of 4373?
3
What is the units digit of 87493?
3
What is the tens digit of 5993?
9
What is the hundreds digit of 893?
8
What is the thousands digit of 2923?
2
What is the units digit of 1440?
0
What is the hundreds digit of 16653?
6
What is the hundreds digit of 743?
7
What is the tens digit of 7397?
9
What is the tens digit of 75744?
4
What is the tens digit of 906?
0
What is the tens digit of 1849?
4
What is the hundreds digit of 794?
7
What is the units digit of 889?
9
What is the thousands digit of 1820?
1
What is the tens digit of 32436?
3
What is the thousands digit of 4459?
4
What is the hundreds digit of 888?
8
What is the hundreds digit of 11871?
8
What is the tens digit of 1561?
6
What is the hundreds digit of 13080?
0
What is the tens digit of 2287?
8
What is the units digit of 23307?
7
What is the units digit of 6990?
0
What is the thousands digit of 44968?
4
What is the hundreds digit of 1795?
7
What is the tens digit of 4721?
2
What is the units digit of 604?
4
What is the units digit of 9239?
9
What is the ten thousands digit of 192613?
9
What is the hundreds digit of 628?
6
What is the thousands digit of 1802?
1
What is the thousands digit of 109729?
9
What is the thousands digit of 2338?
2
What is the thousands digit of 2175?
2
What is the units digit of 445?
5
What is the tens digit of 139?
3
What is the hundreds digit of 783?
7
What is the tens digit of 71102?
0
What is the tens digit of 2326?
2
What is the ten thousands digit of 71832?
7
What is the tens digit of 52042?
4
What is the tens digit of 2067?
6
What is the hundreds digit of 102?
1
What is the thousands digit of 4816?
4
What is the tens digit of 4030?
3
What is the tens digit of 17694?
9
What is the hundreds digit of 67723?
7
What is the units digit of 17751?
1
What is the thousands digit of 75852?
5
What is the ten thousands digit of 86216?
8
What is the units digit of 367?
7
What is the thousands digit of 1802?
1
What is the thousands digit of 2515?
2
What is the tens digit of 69919?
1
What is the tens digit of 1356?
5
What is the units digit of 361?
1
What is the ten thousands digit of 13696?
1
What is the units digit of 416?
6
What is the hundreds digit of 1395?
3
What is the ten thousands digit of 140297?
4
What is the tens digit of 116024?
2
What is the units digit of 2757?
7
What is the thousands digit of 17459?
7
What is the units digit of 808?
8
What is the tens digit of 257?
5
What is the units digit of 1171?
1
What is the tens digit of 1839?
3
What is the ten thousands digit of 47860?
4
What is the thousands digit of 33560?
3
What is the thousands digit of 3960?
3
What is the hundreds digit of 35036?
0
What is the tens digit of 719?
1
What is the hundreds digit of 2086?
0
What is the tens digit of 913?
1
What is the tens digit of 10931?
3
What is the hundreds digit of 11597?
5
What is the tens digit of 418?
1
What is the thousands digit of 3251?
3
What is the ten thousands digit of 24123?
2
What is the thousands digit of 3874?
3
What is the tens digit of 41698?
9
What is the units digit of 451?
1
What is the hundreds digit of 31447?
4
What is the units digit of 3567?
7
What is the hundreds digit of 455?
4
What is the tens digit of 652?
5
What is the hundreds digit of 6773?
7
What is the hundreds digit of 621?
6
What is the tens digit of 6697?
9
What is the thousands digit of 8035?
8
What is the hundreds digit of 1521?
5
What is the hundreds digit of 999?
9
What is the hundreds digit of 29378?
3
What is the thousands digit of 7532?
7
What is the tens digit of 45217?
1
What is the thousands digit of 1413?
1
What is the units digit of 35465?
5
What is the hundreds digit of 4711?
7
What is the tens digit of 711?
1
What is the thousands digit of 4284?
4
What is the tens digit of 5903?
0
What is the units digit of 2013?
3
What is the hundreds digit of 8420?
4
What is the ten thousands digit of 25400?
2
What is the tens digit of 2329?
2
What is the tens digit of 16082?
8
What is the hundreds digit of 1044?
0
What is the tens digit of 1477?
7
What is the thousands digit of 1211?
1
What is the thousands digit of 1760?
1
What is the thousands digit of 1748?
1
What is the hundreds digit of 2933?
9
What is the tens digit of 109228?
2
What is the units digit of 4296?
6
What is the tens digit of 933?
3
What is the units digit of 1175?
5
What is the units digit of 3849?
9
What is the units digit of 92038?
8
What is the ten thousands digit of 14859?
1
What is the units digit of 960?
0
What is the hundreds digit of 21049?
0
What is the hundreds digit of 9526?
5
What is the tens digit of 2831?
3
What is the units digit of 545?
5
What is the thousands digit of 119603?
9
What is the thousands digit of 1021?
1
What is the hundreds digit of 1432?
4
What is the hundreds digit of 4972?
9
What is the thousands digit of 2915?
2
What is the tens digit of 18715?
1
What is the tens digit of 36368?
6
What is the tens digit of 24546?
4
What is the thousands digit of 11333?
1
What is the hundreds digit of 7944?
9
What is the tens digit of 4582?
8
What is the hundreds digit of 173?
1
What is the hundreds digit of 3332?
3
What is the units digit of 1360?
0
What is the hundreds digit of 2193?
1
What is the hundreds digit of 231?
2
What is the units digit of 141?
1
What is the hundreds digit of 1625?
6
What is the units digit of 100141?
1
What is the units digit of 6170?
0
What is the hundreds digit of 6511?
5
What is the hundreds digit of 1872?
8
What is the hundreds digit of 37501?
5
What is the hundreds digit of 8273?
2
What is the tens digit of 2030?
3
What is the hundreds digit of 6547?
5
What is the tens digi